{"id":1367,"date":"2022-01-19T07:54:00","date_gmt":"2022-01-19T06:54:00","guid":{"rendered":"http:\/\/demos.famethemes.com\/onepress\/?page_id=4"},"modified":"2022-02-18T16:11:26","modified_gmt":"2022-02-18T15:11:26","slug":"cabinet-solagna-avocat","status":"publish","type":"page","link":"https:\/\/solagna-avocat.com\/","title":{"rendered":"Cabinet"},"content":{"rendered":"","protected":false},"excerpt":{"rendered":"","protected":false},"author":1,"featured_media":1483,"parent":0,"menu_order":0,"comment_status":"closed","ping_status":"closed","template":"template-frontpage.php","meta":{"inline_featured_image":false,"footnotes":""},"class_list":["post-1367","page","type-page","status-publish","has-post-thumbnail","hentry"],"yoast_head":"<!-- This site is optimized with the Yoast SEO plugin v18.1 - https:\/\/yoast.com\/wordpress\/plugins\/seo\/ -->\n<title>Cabinet - SOLAGNA AVOCAT<\/title>\n<meta name=\"description\" content=\"Le cabinet \u00e0 taille humaine, en droit des affaires, d\u00e9di\u00e9 au digital \u00e0 l&#039;innovation et aux nouvelles technologies\" \/>\n<meta name=\"robots\" content=\"index, follow, max-snippet:-1, max-image-preview:large, max-video-preview:-1\" \/>\n<link rel=\"canonical\" href=\"https:\/\/solagna-avocat.com\/\" \/>\n<meta property=\"og:locale\" content=\"fr_FR\" \/>\n<meta property=\"og:type\" content=\"article\" \/>\n<meta property=\"og:title\" content=\"Cabinet - SOLAGNA AVOCAT\" \/>\n<meta property=\"og:description\" content=\"Le cabinet \u00e0 taille humaine, en droit des affaires, d\u00e9di\u00e9 au digital \u00e0 l&#039;innovation et aux nouvelles technologies\" \/>\n<meta property=\"og:url\" content=\"https:\/\/solagna-avocat.com\/\" \/>\n<meta property=\"og:site_name\" content=\"SOLAGNA AVOCAT\" \/>\n<meta property=\"article:publisher\" content=\"https:\/\/www.facebook.com\/Solagna-Avocat-Cabinet-daffaires-102947208996475\" \/>\n<meta property=\"article:modified_time\" content=\"2022-02-18T15:11:26+00:00\" \/>\n<meta property=\"og:image\" content=\"https:\/\/solagna-avocat.com\/wp-content\/uploads\/2022\/01\/cropped-Logo-SOLAGNA.png\" \/>\n\t<meta property=\"og:image:width\" content=\"512\" \/>\n\t<meta property=\"og:image:height\" content=\"512\" \/>\n\t<meta property=\"og:image:type\" content=\"image\/png\" \/>\n<meta name=\"twitter:card\" content=\"summary_large_image\" \/>\n<script type=\"application\/ld+json\" class=\"yoast-schema-graph\">{\"@context\":\"https:\/\/schema.org\",\"@graph\":[{\"@type\":\"Organization\",\"@id\":\"https:\/\/solagna-avocat.com\/#organization\",\"name\":\"SOLAGNA AVOCAT\",\"url\":\"https:\/\/solagna-avocat.com\/\",\"sameAs\":[\"https:\/\/www.facebook.com\/Solagna-Avocat-Cabinet-daffaires-102947208996475\",\"https:\/\/www.linkedin.com\/in\/cathy-solagna\/\"],\"logo\":{\"@type\":\"ImageObject\",\"@id\":\"https:\/\/solagna-avocat.com\/#logo\",\"inLanguage\":\"fr-FR\",\"url\":\"http:\/\/solagna-avocat.com\/wp-content\/uploads\/2022\/01\/cropped-cropped-cropped-Logo-SOLAGNA-e1642519621554.png\",\"contentUrl\":\"http:\/\/solagna-avocat.com\/wp-content\/uploads\/2022\/01\/cropped-cropped-cropped-Logo-SOLAGNA-e1642519621554.png\",\"width\":1172,\"height\":542,\"caption\":\"SOLAGNA AVOCAT\"},\"image\":{\"@id\":\"https:\/\/solagna-avocat.com\/#logo\"}},{\"@type\":\"WebSite\",\"@id\":\"https:\/\/solagna-avocat.com\/#website\",\"url\":\"https:\/\/solagna-avocat.com\/\",\"name\":\"SOLAGNA AVOCAT\",\"description\":\"plus qu&#039;un conseil juridique, un partenaire de d\u00e9veloppement\",\"publisher\":{\"@id\":\"https:\/\/solagna-avocat.com\/#organization\"},\"potentialAction\":[{\"@type\":\"SearchAction\",\"target\":{\"@type\":\"EntryPoint\",\"urlTemplate\":\"https:\/\/solagna-avocat.com\/?s={search_term_string}\"},\"query-input\":\"required name=search_term_string\"}],\"inLanguage\":\"fr-FR\"},{\"@type\":\"ImageObject\",\"@id\":\"https:\/\/solagna-avocat.com\/#primaryimage\",\"inLanguage\":\"fr-FR\",\"url\":\"https:\/\/solagna-avocat.com\/wp-content\/uploads\/2022\/01\/cropped-Logo-SOLAGNA.png\",\"contentUrl\":\"https:\/\/solagna-avocat.com\/wp-content\/uploads\/2022\/01\/cropped-Logo-SOLAGNA.png\",\"width\":512,\"height\":512},{\"@type\":\"WebPage\",\"@id\":\"https:\/\/solagna-avocat.com\/#webpage\",\"url\":\"https:\/\/solagna-avocat.com\/\",\"name\":\"Cabinet - SOLAGNA AVOCAT\",\"isPartOf\":{\"@id\":\"https:\/\/solagna-avocat.com\/#website\"},\"primaryImageOfPage\":{\"@id\":\"https:\/\/solagna-avocat.com\/#primaryimage\"},\"datePublished\":\"2022-01-19T06:54:00+00:00\",\"dateModified\":\"2022-02-18T15:11:26+00:00\",\"description\":\"Le cabinet \u00e0 taille humaine, en droit des affaires, d\u00e9di\u00e9 au digital \u00e0 l'innovation et aux nouvelles technologies\",\"breadcrumb\":{\"@id\":\"https:\/\/solagna-avocat.com\/#breadcrumb\"},\"inLanguage\":\"fr-FR\",\"potentialAction\":[{\"@type\":\"ReadAction\",\"target\":[\"https:\/\/solagna-avocat.com\/\"]}]},{\"@type\":\"BreadcrumbList\",\"@id\":\"https:\/\/solagna-avocat.com\/#breadcrumb\",\"itemListElement\":[{\"@type\":\"ListItem\",\"position\":1,\"name\":\"Accueil\",\"item\":\"https:\/\/solagna-avocat.com\/\"},{\"@type\":\"ListItem\",\"position\":2,\"name\":\"Cabinet\"}]}]}<\/script>\n<!-- \/ Yoast SEO plugin. -->","yoast_head_json":{"title":"Cabinet - SOLAGNA AVOCAT","description":"Le cabinet \u00e0 taille humaine, en droit des affaires, d\u00e9di\u00e9 au digital \u00e0 l'innovation et aux nouvelles technologies","robots":{"index":"index","follow":"follow","max-snippet":"max-snippet:-1","max-image-preview":"max-image-preview:large","max-video-preview":"max-video-preview:-1"},"canonical":"https:\/\/solagna-avocat.com\/","og_locale":"fr_FR","og_type":"article","og_title":"Cabinet - SOLAGNA AVOCAT","og_description":"Le cabinet \u00e0 taille humaine, en droit des affaires, d\u00e9di\u00e9 au digital \u00e0 l'innovation et aux nouvelles technologies","og_url":"https:\/\/solagna-avocat.com\/","og_site_name":"SOLAGNA AVOCAT","article_publisher":"https:\/\/www.facebook.com\/Solagna-Avocat-Cabinet-daffaires-102947208996475","article_modified_time":"2022-02-18T15:11:26+00:00","og_image":[{"width":512,"height":512,"url":"https:\/\/solagna-avocat.com\/wp-content\/uploads\/2022\/01\/cropped-Logo-SOLAGNA.png","type":"image\/png"}],"twitter_card":"summary_large_image","schema":{"@context":"https:\/\/schema.org","@graph":[{"@type":"Organization","@id":"https:\/\/solagna-avocat.com\/#organization","name":"SOLAGNA AVOCAT","url":"https:\/\/solagna-avocat.com\/","sameAs":["https:\/\/www.facebook.com\/Solagna-Avocat-Cabinet-daffaires-102947208996475","https:\/\/www.linkedin.com\/in\/cathy-solagna\/"],"logo":{"@type":"ImageObject","@id":"https:\/\/solagna-avocat.com\/#logo","inLanguage":"fr-FR","url":"http:\/\/solagna-avocat.com\/wp-content\/uploads\/2022\/01\/cropped-cropped-cropped-Logo-SOLAGNA-e1642519621554.png","contentUrl":"http:\/\/solagna-avocat.com\/wp-content\/uploads\/2022\/01\/cropped-cropped-cropped-Logo-SOLAGNA-e1642519621554.png","width":1172,"height":542,"caption":"SOLAGNA AVOCAT"},"image":{"@id":"https:\/\/solagna-avocat.com\/#logo"}},{"@type":"WebSite","@id":"https:\/\/solagna-avocat.com\/#website","url":"https:\/\/solagna-avocat.com\/","name":"SOLAGNA AVOCAT","description":"plus qu&#039;un conseil juridique, un partenaire de d\u00e9veloppement","publisher":{"@id":"https:\/\/solagna-avocat.com\/#organization"},"potentialAction":[{"@type":"SearchAction","target":{"@type":"EntryPoint","urlTemplate":"https:\/\/solagna-avocat.com\/?s={search_term_string}"},"query-input":"required name=search_term_string"}],"inLanguage":"fr-FR"},{"@type":"ImageObject","@id":"https:\/\/solagna-avocat.com\/#primaryimage","inLanguage":"fr-FR","url":"https:\/\/solagna-avocat.com\/wp-content\/uploads\/2022\/01\/cropped-Logo-SOLAGNA.png","contentUrl":"https:\/\/solagna-avocat.com\/wp-content\/uploads\/2022\/01\/cropped-Logo-SOLAGNA.png","width":512,"height":512},{"@type":"WebPage","@id":"https:\/\/solagna-avocat.com\/#webpage","url":"https:\/\/solagna-avocat.com\/","name":"Cabinet - SOLAGNA AVOCAT","isPartOf":{"@id":"https:\/\/solagna-avocat.com\/#website"},"primaryImageOfPage":{"@id":"https:\/\/solagna-avocat.com\/#primaryimage"},"datePublished":"2022-01-19T06:54:00+00:00","dateModified":"2022-02-18T15:11:26+00:00","description":"Le cabinet \u00e0 taille humaine, en droit des affaires, d\u00e9di\u00e9 au digital \u00e0 l'innovation et aux nouvelles technologies","breadcrumb":{"@id":"https:\/\/solagna-avocat.com\/#breadcrumb"},"inLanguage":"fr-FR","potentialAction":[{"@type":"ReadAction","target":["https:\/\/solagna-avocat.com\/"]}]},{"@type":"BreadcrumbList","@id":"https:\/\/solagna-avocat.com\/#breadcrumb","itemListElement":[{"@type":"ListItem","position":1,"name":"Accueil","item":"https:\/\/solagna-avocat.com\/"},{"@type":"ListItem","position":2,"name":"Cabinet"}]}]}},"_links":{"self":[{"href":"https:\/\/solagna-avocat.com\/index.php\/wp-json\/wp\/v2\/pages\/1367","targetHints":{"allow":["GET"]}}],"collection":[{"href":"https:\/\/solagna-avocat.com\/index.php\/wp-json\/wp\/v2\/pages"}],"about":[{"href":"https:\/\/solagna-avocat.com\/index.php\/wp-json\/wp\/v2\/types\/page"}],"author":[{"embeddable":true,"href":"https:\/\/solagna-avocat.com\/index.php\/wp-json\/wp\/v2\/users\/1"}],"replies":[{"embeddable":true,"href":"https:\/\/solagna-avocat.com\/index.php\/wp-json\/wp\/v2\/comments?post=1367"}],"version-history":[{"count":2,"href":"https:\/\/solagna-avocat.com\/index.php\/wp-json\/wp\/v2\/pages\/1367\/revisions"}],"predecessor-version":[{"id":1602,"href":"https:\/\/solagna-avocat.com\/index.php\/wp-json\/wp\/v2\/pages\/1367\/revisions\/1602"}],"wp:featuredmedia":[{"embeddable":true,"href":"https:\/\/solagna-avocat.com\/index.php\/wp-json\/wp\/v2\/media\/1483"}],"wp:attachment":[{"href":"https:\/\/solagna-avocat.com\/index.php\/wp-json\/wp\/v2\/media?parent=1367"}],"curies":[{"name":"wp","href":"https:\/\/api.w.org\/{rel}","templated":true}]}}